ed by 75.
74
Calculate the remainder when 8337 is divided by 410.
137
What is the remainder when 110 is divided by 35?
5
What is the remainder when 18345 is divided by 18251?
94
What is the remainder when 2213 is divided by 685?
158
Calculate the remainder when 33490 is divided by 609.
604
Calculate the remainder when 3155 is divided by 347.
32
What is the remainder when 9834 is divided by 2472?
2418
What is the remainder when 206181 is divided by 968?
965
Calculate the remainder when 9481 is divided by 7576.
1905
What is the remainder when 14210 is divided by 4707?
89
Calculate the remainder when 2554 is divided by 2400.
154
Calculate the remainder when 12185 is divided by 609.
5
What is the remainder when 532301 is divided by 19?
16
Calculate the remainder when 110026 is divided by 299.
293
Calculate the remainder when 8992 is divided by 1493.
34
Calculate the remainder when 11830 is divided by 42.
28
What is the remainder when 2406 is divided by 85?
26
What is the remainder when 99935 is divided by 19986?
5
Calculate the remainder when 457961 is divided by 31.
29
Calculate the remainder when 3895 is divided by 57.
19
What is the remainder when 2235 is divided by 157?
37
What is the remainder when 281604 is divided by 275?
4
What is the remainder when 83105 is divided by 169?
126
Calculate the remainder when 9492 is divided by 101.
99
Calculate the remainder when 4659 is divided by 4632.
27
What is the remainder when 2663 is divided by 436?
47
What is the remainder when 1020 is divided by 220?
140
What is the remainder when 164113 is divided by 681?
673
What is the remainder when 45146 is divided by 64?
26
Calculate the remainder when 579 is divided by 21.
12
Calculate the remainder when 708657 is divided by 558.
555
Calculate the remainder when 257635 is divided by 257629.
6
Calculate the remainder when 100610 is divided by 37.
7
Calculate the remainder when 12470 is divided by 20.
10
Calculate the remainder when 213111 is divided by 160.
151
What is the remainder when 117598 is divided by 210?
208
What is the remainder when 52205 is divided by 17?
15
Calculate the remainder when 1494 is divided by 22.
20
Calculate the remainder when 1709 is divided by 207.
53
Calculate the remainder when 55812 is divided by 8.
4
What is the remainder when 929 is divided by 303?
20
What is the remainder when 7675 is divided by 309?
259
Calculate the remainder when 11289 is divided by 807.
798
Calculate the remainder when 4149 is divided by 593.
591
Calculate the remainder when 298952 is divided by 943.
21
What is the remainder when 8286 is divided by 592?
590
Calculate the remainder when 12731 is divided by 33.
26
What is the remainder when 52320 is divided by 54?
48
What is the remainder when 1188 is divided by 1145?
43
What is the remainder when 58644 is divided by 413?
411
Calculate the remainder when 14184 is divided by 66.
60
Calculate the remainder when 3780 is divided by 39.
36
Calculate the remainder when 8875 is divided by 59.
25
Calculate the remainder when 4683 is divided by 22.
19
What is the remainder when 35851 is divided by 323?
321
Calculate the remainder when 10314 is divided by 97.
32
Calculate the remainder when 483017 is divided by 348.
341
What is the remainder when 4015 is divided by 267?
10
Calculate the remainder when 1115 is divided by 334.
113
What is the remainder when 27948 is divided by 86?
84
Calculate the remainder when 108184 is divided by 147.
139
What is the remainder when 64871 is divided by 519?
515
What is the remainder when 16929 is divided by 15?
9
Calculate the remainder when 2718 is divided by 392.
366
What is the remainder when 2789 is divided by 894?
107
What is the remainder when 348 is divided by 187?
161
What is the remainder when 15631 is divided by 2?
1
What is the remainder when 7382 is divided by 13?
11
Calculate the remainder when 150222 is divided by 680.
622
What is the remainder when 16728 is divided by 1286?
10
Calculate the remainder when 1351 is divided by 119.
42
What is the remainder when 45405 is divided by 499?
495
Calculate the remainder when 3563 is divided by 240.
203
What is the remainder when 12303 is divided by 65?
18
What is the remainder when 257656 is divided by 976?
968
Calculate the remainder when 6965 is divided by 54.
53
What is the remainder when 15473 is divided by 48?
17
What is the remainder when 10370 is divided by 66?
8
What is the remainder when 15185 is divided by 74?
15
Calculate the remainder when 16493 is divided by 21.
8
What is the remainder when 92796 is divided by 8?
4
What is the remainder when 8149 is divided by 163?
162
Calculate the remainder when 8924 is divided by 99.
14
What is the remainder when 6085 is divided by 77?
2
What is the remainder when 2555361 is divided by 609?
606
What is the remainder when 284898 is divided by 140?
138
What is the remainder when 777813 is divided by 78?
75
Calculate the remainder when 35275 is divided by 3.
1
Calculate the remainder when 307756 is divided by 636.
568
What is the remainder when 75816 is divided by 68?
64
What is the remainder when 504336 is divided by 835?
831
Calculate the remainder when 374 is divided by 309.
65
Calculate the remainder when 3714 is divided by 1226.
36
What is the remainder when 53840 is divided by 10755?
65
What is the remainder when 19213 is divided by 48?
13
Calculate the remainder when 353857 is divided by 167.
151
What is the remainder when 810 is divided by 28?
26
Calculate the remainder when 73507 is divided by 321.
319
What is the remainder when 18236 is divided by 237?
224
Calculate the remainder when 190141 is divided by 1521.
16
Calculate the remainder when 7279 is divided by 112.
111
Calculate the remainder when 644 is divided by 107.
2
What is the remainder when 1310 is divided by 764?
546
What is the remainder when 2969 is divided by 451?
263
Calculate the remainder when 7092 is divided by 1689.
336
Calculate the remainder when 307051 is divided by 35.
31
Calculate the remainder when 2054 is divided by 563.
365
Calculate the remainder when 2543 is divided by 22.
13
Calculate the remainder when 62320 is divided by 141.
139
Calculate the remainder when 64821 is divided by 3811.
34
Calculate the remainder when 385538 is divided by 521.
519
What is the remainder when 18341 is divided by 9168?
5
What is the remainder when 436 is divided by 251?
185
Calculate the remainder when 10688 is divided by 1527.
1526
What is the remainder when 16856 is divided by 16513?
343
Calculate the remainder when 205437 is divided by 40.
37
Calculate the remainder when 1737 is divided by 555.
72
Calculate the remainder when 48133 is divided by 15975.
208
What is the remainder when 88053 is divided by 148?
141
What is the remainder when 424544 is divided by 141514?
2
What is the remainder when 28812 is divided by 656?
604
What is the remainder when 76172 is divided by 280?
12
What is the remainder when 45475 is divided by 52?
27
What is the remainder when 127966 is divided by 6?
4
What is the remainder when 8960 is divided by 2977?
29
Calculate the remainder when 2733396 is divided by 662.
660
What is the remainder when 19022 is divided by 16?
14
What is the remainder when 7538 is divided by 159?
65
Calculate the remainder when 1628 is divided by 160.
28
Calculate the remainder when 18610 is divided by 6094.
328
What is the remainder when 10116 is divided by 1057?
603
Calculate the remainder when 624455 is divided by 353.
351
What is the remainder when 23515 is divided by 22?
19
What is the remainder when 386074 is divided by 193031?
12
Calculate the remainder when 2626 is divided by 23.
4
Calculate the remainder when 8494 is divided by 68.
62
Calculate the remainder when 36957 is divided by 168.
165
Calculate the remainder when 1260 is divided by 10.
0
Calculate the remainder when 9340 is divided by 332.
44
What is the remainder when 41390 is divided by 13794?
8
What is the remainder when 222550 is divided by 222542?
8
Calculate the remainder when 13028 is divided by 72.
68
Calculate the remainder when 7850 is divided by 3686.
478
Calculate the remainder when 39949 is divided by 47.
46
Calculate the remainder when 2483 is divided by 155.
3
Calculate the remainder when 6488 is divided by 1285.
63
Calculate